k - 90 = 0. Calculate the remainder when 136 is divided by j.
21
Let p(m) = -2*m**2 + 44*m - 34. Let c be p(21). Calculate the remainder when c + 303 + 5 + -3 is divided by 45.
43
Suppose -2*p + 5*p + 90 = 0. Let l be -6 + 5/5 - (3 + -7). What is the remainder when 58 is divided by (6 - (-216)/p)/(l/25)?
28
Let o = -15860 - -19516. Calculate the remainder when o is divided by 913.
4
Let p = -6 + 21. Let a(b) = 9*b + 1. Let l be a(1). Suppose l*o = 13*o - 168. What is the remainder when o is divided by p?
11
What is the remainder when 891 is divided by 6*2*(450/27 - 11) + -4?
59
Let i(o) = o**3 + 16*o**2 + 15*o + 2. Let f be i(-15). Suppose -199 = -3*w - 4*s, f*s = w + 4*w - 323. What is the remainder when w is divided by 22?
21
Let p be (1 - (-64)/(-2))*1. Let d = 59 + p. Let j(r) = -4*r - 33. Calculate the remainder when j(-36) is divided by d.
27
Suppose -5*k - 1561 = -4*m, 0*m + 1170 = 3*m - 4*k. Let y = 821 - 809. Calculate the remainder when m is divided by y.
10
Suppose 3*w - f = 13670, 15*w - 19*w + 18215 = f. What is the remainder when w is divided by 217?
215
Suppose -150*l - 34*l + 35*l = -11473. Calculate the remainder when 5850 is divided by l.
75
Let n = 191 - 120. Let g = 16908 + -16701. What is the remainder when g is divided by n?
65
Let u(m) = -2*m**3 + 5*m**2 - 11*m - 4. Let w be u(-5). Suppose -949 = -25*l + w. Calculate the remainder when l is divided by (56/6)/((-2)/(-6)).
27
Suppose -5*z + 800 = 5*x, -3*x + x = -4*z + 634. Suppose 2194 = 81*t + 7. Calculate the remainder when z is divided by t.
24
Let z(i) = 20*i - 74. Let d be 3*(0 - (-1 + 0)). Suppose d*a - s - 113 = 0, 3*a - 181 = -2*a - 2*s. Calculate the remainder when z(11) is divided by a.
35
Suppose -54*r + 50*r = 5*n - 1262, 2*n + 4*r = 512. What is the remainder when n is divided by (-1)/(-7) + -4 + (-1284)/(-28)?
40
Let v(w) = -6*w**2 + 127*w + 727. What is the remainder when 462 is divided by v(25)?
6
Suppose -5*k = -39 + 9. Suppose 0 = k*h + 7*h - 286. Calculate the remainder when 172 is divided by h.
18
What is the remainder when ((288 - -6) + -10)*1 is divided by 116/6 - (-3)/(-9)?
18
Let j(f) = -7*f**3 - 15*f**2 + 19*f + 63. Let y(v) = 3*v**3 + 8*v**2 - 9*v - 32. Let u(p) = 2*j(p) + 5*y(p). What is the remainder when u(-10) is divided by 12?
0
Suppose 3*u - d = 855, 0 = -3*u - 5*d + 4*d + 849. Let i = -274 + u. What is the remainder when 22 is divided by i?
2
Calculate the remainder when (-4062)/(-38) - (198/171)/(-11) is divided by (-270)/(-24) - (3 - 0)/12.
8
Let c(y) = -y**3 - 6*y**2 + 34*y + 76. Calculate the remainder when c(-11) is divided by 155.
152
Let m(i) be the third derivative of i**4/8 - 3*i**3/2 + 44*i**2 - i. Let s(b) = 10*b**3 + 3*b**2 - b - 2. What is the remainder when s(2) is divided by m(13)?
28
Suppose 39*i - 1251 - 1050 = 0. Let q(l) = -l + 2. Let z be q(7). What is the remainder when i is divided by 45/12*(-1 - z)?
14
Suppose -5*j + 12*j = -8*j + 9705. Calculate the remainder when j is divided by 13.
10
Suppose y + 9159 = q, -5*q + y + 25357 + 20458 = 0. Calculate the remainder when q is divided by 15.
14
Let a = -2451 + 497. What is the remainder when a/(-30) - (-14)/(-105) is divided by 18?
11
Let y be (0 + 640/(-15))*(-15)/4. Let j = -133 + y. Calculate the remainder when j is divided by 15.
12
Suppose -10*h + 150 = 20*h. Calculate the remainder when (-53130)/(-396) + -2*1/12 is divided by h.
4
Suppose 2*q - 107 = -n + 2*n, 2*q = 4*n + 104. Let b(o) = 10*o - 378. Calculate the remainder when q is divided by b(38).
0
Suppose 3*u + 4*b - 16 = 45, -2*b = -2*u + 22. Suppose 2*k - 31*k = -87. What is the remainder when u is divided by k?
0
Calculate the remainder when 121 is divided by 63 - (-13 + 10)/3.
57
Let k = 19 - 14. Suppose 4 = k*w - 6, 0 = -3*t - 3*w - 15. Let q(g) = g**3 + 6*g**2 - 10*g + 3. What is the remainder when 45 is divided by q(t)?
21
Let u = -17943 + 18080. Calculate the remainder when 255 is divided by u.
118
Suppose -241*n + 400 = -236*n. Let b = -1362 + 376. What is the remainder when n is divided by b/(-85) + (-2)/(-5)?
8
Let u be 9/(12/16*-2). Let y(s) = -62*s + 30. Let g be y(u). What is the remainder when (-20)/110 - g/(-33) is divided by 5?
2
Let a = 1553 - 1532. Calculate the remainder when 124 is divided by a.
19
Let i(u) = u**2 + 4*u - 16. Let x be i(-7). Suppose 3*z = 3*a + 3, z - x = -2*z + 5*a. Calculate the remainder when (2 - z/1)*(-3454)/(-44) is divided by 32.
29
Suppose -7*k = 23*k - 10930 - 25640. Calculate the remainder when k is divided by 12.
7
Let g = -3228 + 3268. Suppose p + 5*k = 24, 5*p - 21 - 7 = -2*k. Suppose l - 14 = p*y + 9, -2*l + y + 18 = 0. Calculate the remainder when g is divided by l.
5
Let d(s) = -s**2 + 76*s - 830. What is the remainder when 928 is divided by d(15)?
78
Calculate the remainder when 683 is divided by (-10 + 11)/(1/(-3 - 1)) + 343.
5
Let z(c) = -74*c - 1347. Calculate the remainder when z(-29) is divided by 101.
92
Let u = -2709 - -2744. What is the remainder when 352 is divided by u?
2
Suppose -3*u + 21 = -3*p, 2*u = -5*p - 10 + 3. Suppose -z + 5*h = -375, 177 = z + u*h - 153. What is the remainder when z is divided by 16?
14
Suppose -269 = -18*n + 91. What is the remainder when 1694 is divided by n?
14
Let m(r) = r**2 - 9*r - 17. Let a be m(20). Let o = a + -164. Calculate the remainder when 77 is divided by o.
38
Suppose 0 = -y - 5*j + 52, -120*y + 122*y + 5*j - 109 = 0. What is the remainder when 133 is divided by y?
19
Let t = -18 - -3. Let b be (-586)/(-10) - 6/t. Suppose 204 = 4*m + 2*o, 0 = 2*m - 4*o - 33 - b. What is the remainder when m is divided by 13?
11
Calculate the remainder when 367 is divided by 114/(-2 + (-42)/(-12)).
63
Let k(x) = -x**2 + 48*x - 520. Calculate the remainder when 110 is divided by k(30).
10
Suppose -51*f = -121*f + 151632 - 8622. Calculate the remainder when 6142 is divided by f.
13
What is the remainder when 1443/15 + (-20)/(-25) is divided by (-1350)/(-40) + (-54)/72?
31
Suppose l - 11*l + 180 = 0. Let r = 1 + l. Suppose d - 36 - 19 = 0. Calculate the remainder when d is divided by r.
17
Suppose s + 5*p = 27, 2*p - 17 = -4*s + 1. Calculate the remainder when 748 is divided by (396/(-28) + 7)/(s/(-14)).
48
Let a be 70/3*24/28. Suppose -2*g = -2*l + a, 2*l - 3*l - 3*g + 2 = 0. Calculate the remainder when 126 is divided by l.
6
Suppose 2*m = -m + 441. Let t(x) = 101*x + 3. Let z be t(1). Let p = -74 + z. What is the remainder when m is divided by p?
27
Let w(j) = j**2 - 5*j + 1. Suppose 4*k + 49 + 591 = -2*b, 0 = 2*b + k + 631. Let i = -281 - b. What is the remainder when i is divided by w(6)?
5
Let z = 18 + -12. Let j(s) = 22*s**2 - 209*s - 82. Calculate the remainder when j(10) is divided by z.
4
What is the remainder when (-365*27/180)/(2/(-48)) is divided by 8?
2
Suppose 30 = 4*f + 6*f. Suppose f*k - 194 = o + 718, 0 = k + 3*o - 304. Calculate the remainder when k is divided by 17.
15
Let h(a) = 26*a**2 + 114*a + 31. Calculate the remainder when h(-5) is divided by 3.
0
Let d = 393 + 589. What is the remainder when d is divided by 45?
37
Calculate the remainder when (-736 + (-3 - -13))/((-8)/4) is divided by 114.
21
Suppose -141*r = -226*r + 122*r - 2442. Suppose -92 = -3*d - 23. Calculate the remainder when r is divided by d.
20
Suppose 47*v = 44*v + 18. Suppose 95 = v*a - 427. What is the remainder when a is divided by 2*15 - 2 - -2?
27
Suppose 0 = 32*z - 33*z - 3*p + 54, 0 = -3*p + 18. Calculate the remainder when 182 is divided by z.
2
Calculate the remainder when 8/52 + (-9 - (-22059)/13) is divided by 26.
24
Suppose -3*g = 146*x - 145*x - 1411, 10*g + x - 4701 = 0. What is the remainder when g is divided by 457?
13
What is the remainder when (2 - (-4136)/14) + (-43)/(1505/(-20)) is divided by 24?
10
Let s(h) = 12*h + 227. Let v(z) = 12*z + 10. What is the remainder when v(10) is divided by s(-18)?
9
Calculate the remainder when 1738 is divided by -29*((-2)/56*4)/(2/14).
27
Let t = 1109 - -1268. What is the remainder when t is divided by 61?
59
Let h(b) = -b**3 - 5*b**2 + 18*b - 99. Let q(k) = -6*k**3 - 24*k**2 + 92*k - 494. Let v(l) = 11*h(l) - 2*q(l). What is the remainder when v(8) is divided by 13?
10
Let f = 163 - 97. Let z = 33 - -1. What is the remainder when f is divided by z?
32
Let t(a) = -a**3 - 5*a**2